d 2144.
1
Calculate the greatest common factor of 457 and 3246071.
457
What is the greatest common divisor of 6566 and 2989?
49
What is the highest common factor of 1242 and 2227734?
414
What is the greatest common divisor of 1125 and 17109?
9
What is the greatest common divisor of 1069812 and 576?
36
Calculate the greatest common divisor of 4172 and 774353.
149
What is the highest common factor of 152906 and 156?
26
Calculate the greatest common divisor of 266178 and 8140.
814
Calculate the greatest common factor of 10710 and 322.
14
Calculate the highest common divisor of 114436 and 2989.
427
Calculate the greatest common divisor of 974 and 3935934.
974
What is the greatest common factor of 15616 and 305?
61
What is the greatest common factor of 285650 and 50?
50
Calculate the greatest common factor of 2044 and 252288.
292
Calculate the highest common factor of 1559779 and 13.
13
Calculate the greatest common factor of 417172 and 98.
14
What is the greatest common divisor of 60 and 95385?
15
Calculate the greatest common factor of 44 and 26114.
22
What is the greatest common factor of 1113 and 1533?
21
What is the highest common factor of 172 and 4375594?
86
What is the highest common factor of 496698 and 114?
114
What is the highest common factor of 38 and 76114?
38
What is the highest common divisor of 135552 and 384?
384
What is the greatest common factor of 728 and 211484?
364
Calculate the greatest common divisor of 105760 and 96.
32
What is the highest common divisor of 354 and 41654?
118
What is the greatest common factor of 11 and 2436907?
11
What is the highest common factor of 23788 and 21356?
76
What is the greatest common factor of 610 and 49105?
305
Calculate the highest common divisor of 6144 and 6.
6
Calculate the highest common factor of 4 and 68172.
4
Calculate the greatest common factor of 757815 and 570.
285
What is the greatest common factor of 84 and 2376024?
84
Calculate the highest common divisor of 388 and 404.
4
What is the highest common divisor of 2717 and 5291?
143
Calculate the greatest common factor of 175 and 9590.
35
What is the greatest common factor of 588 and 2226?
42
Calculate the highest common divisor of 10653 and 29362.
53
Calculate the greatest common divisor of 160 and 202.
2
What is the highest common factor of 11466 and 504?
126
Calculate the highest common factor of 544 and 6560.
32
What is the greatest common factor of 210749 and 49?
49
What is the highest common factor of 145252 and 8?
4
Calculate the highest common divisor of 331559 and 11384.
1423
Calculate the greatest common divisor of 547610 and 56.
14
What is the greatest common factor of 64 and 87328?
32
Calculate the greatest common factor of 26350 and 126790.
310
Calculate the highest common factor of 67160 and 146.
146
Calculate the greatest common divisor of 4304 and 44.
4
What is the greatest common factor of 23505 and 345?
15
What is the greatest common divisor of 43864 and 12?
4
What is the greatest common factor of 2595909 and 309?
309
Calculate the greatest common divisor of 18306 and 285438.
678
Calculate the greatest common divisor of 26 and 657982.
26
What is the highest common divisor of 6 and 374106?
6
What is the highest common divisor of 189 and 4122?
9
What is the highest common divisor of 1048090 and 30?
10
Calculate the greatest common factor of 4290 and 17030.
130
Calculate the greatest common divisor of 196326 and 5850.
234
Calculate the greatest common divisor of 590 and 640.
10
Calculate the highest common factor of 63 and 49553.
7
Calculate the highest common divisor of 91 and 80381.
7
Calculate the greatest common factor of 624825 and 25.
25
Calculate the greatest common divisor of 129092 and 472.
236
Calculate the greatest common divisor of 3 and 2019207.
3
Calculate the highest common divisor of 333925 and 740.
185
What is the greatest common factor of 129796 and 296?
148
Calculate the greatest common divisor of 840 and 7840.
280
What is the highest common factor of 1443 and 99456?
111
What is the highest common divisor of 8 and 110184?
8
Calculate the greatest common divisor of 747 and 9379.
83
What is the highest common divisor of 1890 and 536970?
210
Calculate the highest common factor of 140 and 16010.
10
What is the highest common divisor of 16 and 1350?
2
What is the highest common factor of 8211 and 17549?
161
What is the greatest common factor of 8252419 and 553?
553
What is the highest common factor of 416 and 790816?
416
Calculate the greatest common factor of 639 and 39141.
9
What is the highest common factor of 15376 and 13056?
16
Calculate the greatest common divisor of 85692 and 74.
74
Calculate the highest common divisor of 57 and 213.
3
What is the highest common factor of 150 and 36240?
30
Calculate the highest common factor of 11078 and 1044.
58
Calculate the highest common divisor of 844 and 9462506.
422
What is the greatest common divisor of 6247233 and 54?
27
What is the greatest common divisor of 270 and 509895?
135
Calculate the greatest common factor of 4927 and 52.
13
Calculate the highest common divisor of 45188 and 176.
44
Calculate the highest common factor of 58 and 4843.
29
What is the highest common factor of 455422 and 253?
11
Calculate the greatest common divisor of 2163 and 987.
21
What is the greatest common divisor of 209570 and 114?
38
Calculate the highest common divisor of 4350 and 2025.
75
Calculate the greatest common factor of 320737 and 43.
43
Calculate the greatest common factor of 47995 and 725.
145
What is the greatest common factor of 216 and 56344?
8
What is the highest common divisor of 19220 and 1700?
20
Calculate the highest common factor of 517 and 119004.
47
What is the highest common divisor of 36984 and 120?
24
What is the highest common factor of 3108 and 404817?
777
What is the highest common divisor of 1555445 and 565?
565
Calculate the highest common factor of 8021 and 52.
13
What is the highest common divisor of 63600 and 48?
48
Calculate the highest common factor of 4470 and 8642.
298
What is the greatest common divisor of 2813 and 3973?
29
Calculate the highest common factor of 1236 and 26814.
6
What is the greatest common divisor of 307 and 8?
1
Calculate the highest common factor of 19570 and 40.
10
Calculate the highest common factor of 34000 and 30.
10
What is the highest common factor of 231 and 90489?
21
What is the highest common factor of 1272 and 1749?
159
Calculate the highest common divisor of 888 and 14948.
148
Calculate the greatest common divisor of 381850 and 8050.
350
What is the highest common divisor of 119145 and 1363?
47
Calculate the greatest common divisor of 72 and 748854.
18
What is the highest common factor of 133681 and 111?
37
Calculate the greatest common divisor of 42 and 12166.
14
Calculate the greatest common divisor of 204980 and 277.
277
What is the highest common divisor of 32195 and 15755?
685
Calculate the greatest common factor of 482 and 7296034.
482
Calculate the highest common divisor of 2092392 and 27.
27
Calculate the highest common divisor of 48863 and 1492.
373
What is the highest common factor of 1170 and 75290?
10
Calculate the greatest common factor of 246 and 2402682.
246
Calculate the greatest common divisor of 1763 and 2091.
41
Calculate the greatest common divisor of 670 and 1310118.
134
What is the greatest common factor of 7 and 36463?
7
Calculate the highest common factor of 374 and 16286.
34
What is the greatest common divisor of 752 and 334123?
47
What is the greatest common divisor of 4312179 and 18?
9
Calculate the highest common factor of 20 and 224260.
20
What is the greatest common factor of 3160 and 790?
790
Calculate the greatest common factor of 114 and 1921869.
57
What is the highest common factor of 60 and 1346370?
30
What is the greatest common divisor of 259 and 592?
37
Calculate the greatest common divisor of 21732 and 18.
6
Calculate the greatest common factor of 485 and 835267.
97
Calculate the greatest common factor of 328 and 21356408.
328
What is the greatest common divisor of 6877 and 494?
13
Calculate the highest common factor of 1410 and 41430.
30
Calculate the greatest common factor of 7279426 and 22.
22
Calculate the highest common factor of 70252 and 12.
4
What is the 